Let u = -46 - -74. List the prime factors of u.
2, 7
Let l be -2 - (2 - 8)/(-3). List the prime factors of (-2 - l) + 4 + -1.
5
Let q = -4 - -4. Let i be (-1 - 1)*(-3)/(-2). What are the prime factors of (i - q)/(3/(-10))?
2, 5
Let f(r) = 9*r + 2*r**2 - 2*r + 0*r - 9. What are the prime factors of f(4)?
3, 17
Suppose u - 6 = 4*x, -3*u = 2*x + 3 + 7. List the prime factors of (-8 + 48)/(x - -3).
2, 5
Let p = -2 - -5. Suppose 4*j + 20 = 4*l, -5*j - 9 = -2*j + p*l. List the prime factors of (-38)/j - 1/(-2).
2, 5
Let d = 9 - 22. Let h = 33 + d. What are the prime factors of h?
2, 5
Suppose -3*y = 5*n - 3*n - 745, 0 = -4*y - n + 985. List the prime factors of y.
5, 7
Suppose 5*x + 2*m = 57, x + 53 = 6*x + 3*m. Let l be (-2 - -4)*4*(3 + -4). Let b = x + l. What are the prime factors of b?
5
Let p(f) = 2*f. Let l be p(2). Suppose 9*z - l*z = -120. List the prime factors of 59/4 - (-18)/z.
2, 7
Suppose 4*g + 20 = 3*g - 4*v, -5*v = 0. Let b = -32 - g. List the prime factors of (6/(-4))/(b/40).
5
Let v(f) = f**3 - f**2 + 1. Let a be v(1). Suppose -33 = -4*u - a. What are the prime factors of u?
2
Let s be (3 - -2)/(-1 + 0). Let w = -5 - s. Let b = 3 - w. List the prime factors of b.
3
Suppose 120 = 5*r - 5*k, -r + 28 = r + 2*k. List the prime factors of r.
19
Let z be 1/(2/(-2 - -4)). Let v be z/((4/10)/2). Suppose -5*u - c = -15 - 13, -10 = v*c. List the prime factors of u.
2, 3
Let l = 9 + 78. Suppose -l = 4*z + 17. Let r = 38 + z. What are the prime factors of r?
2, 3
Let y(j) = 5*j - 10. Let s(b) = -4*b + 10. Let m(g) = -6*s(g) - 5*y(g). Let z be m(-13). What are the prime factors of z*(6 + 0 + 1)?
3, 7
Let z(q) = 6*q**2 + 2*q + 1. Let s be z(-1). Suppose -3*v + s = -16. List the prime factors of v.
7
Suppose -3*m = -7*m + 24. Let t(s) = s + 1. Let z(a) = a**3 - 5*a**2 - 4*a + 11. Let q(d) = 4*t(d) - z(d). List the prime factors of q(m).
5
Suppose 11 = -5*m + 6*m. Let j = 21 - m. List the prime factors of j.
2, 5
Let s be 0 + (-170)/(-4 + 2). Suppose 0*l + s = 5*l. List the prime factors of l.
17
Let c = 48 - 31. List the prime factors of c.
17
Let w = 18 - 12. Let g = -3 + w. Let r(h) = -h**2 + 3*h + 2. List the prime factors of r(g).
2
Suppose -x + 3*d + 16 = 0, 0*x - 2*x + 5*d + 37 = 0. Suppose 7*o + 3 = x. What are the prime factors of o?
2
Let j(z) = -z**2 + 35*z - 5. List the prime factors of j(14).
17
Suppose -8 = -4*y - 24. Let m = 9 + y. Suppose 8 = m*x - 4*x. What are the prime factors of x?
2
Suppose 4*q + 2*c - 6*c = 16, 0 = -5*c. Suppose 2*v - q = v. Let g = v + -2. What are the prime factors of g?
2
Let o(l) = l**2 + l + 3. Let m(z) = z**2 - 1. Let p(q) = 5*m(q) + o(q). Let b be p(2). Suppose -4*w + 24 = -b. What are the prime factors of w?
2, 3
Suppose -5*g + 4*g = -h, -5*g = h + 6. Let j = 7 - g. List the prime factors of j.
2
Suppose 300 = 2*f + 56. Suppose 4*m = 10 + f. What are the prime factors of m?
3, 11
Let q(x) = 5*x**2 - x. Let j be q(-1). Let p(t) = 3*t - j*t + t. What are the prime factors of p(-3)?
2, 3
Suppose -j + 53 + 177 = 3*v, 3*j - 702 = -3*v. List the prime factors of j.
2, 59
Let z(m) = -2*m**3 + m**2 - m - 1. Let y be z(-1). Let k = -3 + y. Let r = 5 - k. List the prime factors of r.
5
Suppose -3*a + 291 = 3*d, 4*d + 0*d = -a + 91. List the prime factors of a.
3, 11
Let x = -146 - -270. List the prime factors of x.
2, 31
Suppose 0 = 5*x + 25, -7 = -v + 2*v + 2*x. Suppose -5*t = v*h - 25, -t = -h - 0 + 3. List the prime factors of h.
5
Suppose -4*q - 4 = -24, -3*k + 2*q - 22 = 0. List the prime factors of (-2)/k*(2 + 56).
29
Let f = -61 + 97. What are the prime factors of f?
2, 3
Let f(s) = 3*s**3 - s**2 - 1. Let b be f(-2). Let p = 65 + b. List the prime factors of p.
2, 3
Suppose -2*z - 3 = -19. List the prime factors of z.
2
List the prime factors of (-84)/8*12/(-7).
2, 3
Let x be 4/(-3 + 0 + 5). Suppose 22 = x*i - 0*i. What are the prime factors of i?
11
Suppose 0 = 2*t - 3*t + 2. What are the prime factors of t?
2
Suppose -8*g + 13*g - 415 = 0. List the prime factors of g.
83
Let b be (3/(-2))/((-1)/(-6)). Let o be ((-4)/(-6))/(6/b). Let x = 4 + o. List the prime factors of x.
3
Let i be 0 + 2 + 1 + -1. Suppose -62 = -12*r - 2. Let f = r + i. What are the prime factors of f?
7
Let p be ((-30)/4)/(6/12). Let a = p - -30. What are the prime factors of a?
3, 5
Let g(p) = -p + 10. Let n be g(7). Suppose -4*c + n*l = -47, 2*l - 30 = -3*c + 6*l. What are the prime factors of c?
2, 7
Let w(q) = -q**3 + 2*q**2 + 8*q + 2. Let n = -14 + 18. What are the prime factors of w(n)?
2
Let c be 1*(-27)/(-3) + -3. Suppose -39 = -c*r + 81. List the prime factors of r.
2, 5
Let o = 9 + -14. Suppose c = -v + 2, -4*v + 2*v + 1 = 3*c. Let x = c - o. What are the prime factors of x?
2
Let j(c) = c**3. Let u be j(0). Let o = 13 - u. List the prime factors of o.
13
Let c be 50/8 - 3/12. Let l = -3 + c. Suppose 22 = l*r + 7. List the prime factors of r.
5
Let k = -25 - -43. Suppose -6 = r + 7. Let d = r + k. What are the prime factors of d?
5
Let r(n) = n**3 + 5*n**2 - 7*n + 1. Let z(y) = y**3 - 6*y**2 + 5*y - 6. Let x be z(5). What are the prime factors of r(x)?
7
Suppose -8 = -5*k + 7. Suppose 1 = -2*r + k*a, 16 = 3*r + 4*a - 8. Suppose -1 = -r*y + 43. What are the prime factors of y?
11
Let q(d) = -d**2 + 3*d + 2. Let i be q(3). Suppose -3*x = c - 7, -i*c - 3 = -2*x - c. What are the prime factors of x?
2
Let r be (-9)/(-3) - (0 - 1). What are the prime factors of 105*3*r/36?
5, 7
Let u = 58 + -111. Let a = -28 - u. What are the prime factors of a?
5
Let d = -175 + 386. List the prime factors of d.
211
Suppose -3*i - 36 = -4*i. What are the prime factors of -2 + i + 12/(-4)?
31
Let d(b) = b**2 + 5*b - 4. Suppose -5*g + 4 - 74 = 0. Let t = 8 + g. What are the prime factors of d(t)?
2
Let x(t) be the first derivative of t**4/12 - 3*t**3/2 + 6*t**2 + 4*t - 5. Let z(s) be the first derivative of x(s). What are the prime factors of z(8)?
2
Let v(w) = w - 4. Let i be v(6). Let t = i + 0. What are the prime factors of t + (-2 - (-8 - 2))?
2, 5
Let i = 10 - 5. Suppose 0 = -w + 3*w - 8. Suppose 5 = 5*d + w*g, -d - i = g + g. What are the prime factors of d?
5
Suppose -10*y + 9 + 4321 = 0. What are the prime factors of y?
433
Let t(o) = -o**2 + 5*o - 8. Let k(f) = -f**2 + 4*f - 9. Let n be -2 - (0 - (-4 + 2)). Let q(h) = n*t(h) + 3*k(h). What are the prime factors of q(8)?
5
Let o be 1 + (2 - 3) + 1. Suppose 4*k - 7 - o = 0. List the prime factors of k - ((-12)/(-3))/(-2).
2
Let k = -105 + 154. What are the prime factors of k?
7
Suppose -4*x + 16 = 60. Let i = 1 - x. What are the prime factors of i?
2, 3
Let g be ((-3)/(-2))/(3/8). Suppose -3*t = -41 - g. List the prime factors of t.
3, 5
Let k = 4 + -2. Suppose 4*m - l = -4*l + 15, -3*l = 5*m - 21. Suppose m*y - k*y - 16 = 0. What are the prime factors of y?
2
Suppose -k = -0*k - 150. Let u = k - 75. Suppose -4*r = 3*m - 51, 6*m = 4*r + m - u. List the prime factors of r.
3, 5
Suppose -3*g - 4*n + 27 + 137 = 0, 5*g = -2*n + 292. What are the prime factors of g?
2, 3, 5
Let g(k) = 5*k + 80. What are the prime factors of g(10)?
2, 5, 13
Suppose 0 = 8*g - 154 - 478. List the prime factors of g.
79
Let i(f) be the third derivative of f**6/6 + 6*f**2. What are the prime factors of i(1)?
2, 5
Let y = -5 - -1. Let j(g) = 2*g**2 - g**2 - 5*g**2 - 3*g - 4 - g**3 + 2. What are the prime factors of j(y)?
2, 5
Let r(y) = -y**3 + y**2 - 2*y + 2. Let c(l) = -3*l**3 + 4*l**2 - 7*l + 5. Let g(t) = -2*c(t) + 7*r(t). What are the prime factors of g(-3)?
2, 11
Let r = -5 - -8. Suppose -r*h - 71 = -5*x, -3*x + 5*x - 2*h = 26. What are the prime factors of x?
2
Suppose 172 + 76 = h. List the prime factors of h.
2, 31
Let o = -16 + 28. List the prime factors of 4/o*39*4.
2, 13
List the prime factors of -3*(0 + (-102)/9).
2, 17
Let k(v) = 15*v - 1. Let c(d) = -d**3 + 11. Let j be c(0). Let n = j + -10. What are the prime factors of k(n)?
2, 7
Let n be 3 - (7 + -3) - -1. Let a(b) = n*b**2 - 5*b**2 + 4*b**2 + 20 - 16. What are the prime factors of a(0)?
2
Let u(h) be the second derivative of -h**5/20 + h**4/4 - h**3/6 + 7*h. What are the prime factors of u(2)?
2
Let g(p) = 6 - 2*p + p - 4 + 3*p. What are the prime factors of g(2)?
2, 3
Let t(f) = -2*f**3 - 9*f**2 + 5*f - 17. Let o(p) = p**3 + 5*p**2 - 2*p + 9. 